ivided by o.
3
Let s be (-4 - 668/(-44)) + (-2)/11. Let q = s + 22. What is the remainder when 61 is divided by q?
28
Suppose 2*j + 18 = 6*j + 2*w, -j + 2*w - 3 = 0. Suppose 0*o - j = o. Calculate the remainder when 39 is divided by (-301)/(-21) + 1/o.
11
Calculate the remainder when 38 is divided by 20/35 - (-756)/49.
6
Let v(d) = -2*d**2 - 148*d - 337. What is the remainder when 1065 is divided by v(-71)?
86
Let n(k) = 3*k + 8. Let m be n(-2). Suppose -4*j + 3*f = -85, 174 = 4*j + 4*f + 54. Calculate the remainder when j is divided by (-36)/10*(-5)/m.
7
What is the remainder when (-26)/65 + 2157/5 is divided by 12?
11
Let t(w) = -2*w**3 - 30*w**2 - 34*w - 4. What is the remainder when t(-14) is divided by 32?
16
Suppose 27 = -m + 4*m. Suppose -3*s = -5 - 4. Suppose -104 = -s*q - q. Calculate the remainder when q is divided by m.
8
Calculate the remainder when (-30906)/(-442) - (-2)/26 is divided by 32.
6
Suppose -a - 2 = 0, 5*b - 3*a = 204 - 68. Calculate the remainder when 179 is divided by b.
23
Let d be 4/8 - (-5)/(-10). Suppose -4*m - x + d*x = -320, 2*m - 4*x = 142. What is the remainder when m is divided by 9?
7
Suppose -3*l + y = 168, -l + y = -3*y + 67. Let c = -102 - l. Let s = -28 - c. Calculate the remainder when 54 is divided by s.
16
Suppose 8*b - 786 = 1038. What is the remainder when b is divided by 46?
44
Let b be (0 + -3)/(3/(-63)). Let p be 0 + b + (0 - 1). Suppose 0 = 5*j + 2*h - p, -4*j + 2*j + 5*h + 19 = 0. Calculate the remainder when j is divided by 5.
2
Let a = -28 - -12. Let j = a + 28. What is the remainder when ((-2622)/171)/(4/(-3) - -1) is divided by j?
10
Let w(a) = -32*a**3 - a**2 + 10*a + 11. Suppose 0 = -4*l - l - 2*v + 207, -l = 3*v - 44. Calculate the remainder when l is divided by w(-1).
9
Let t be 2 + (-2 - 3) + -1. Let r(z) = z**3 + 6*z**2 + 8*z + 3. Suppose 6*m - 12 = 2*m. What is the remainder when m is divided by r(t)?
0
Let w(v) = -4*v + 311. Calculate the remainder when w(-21) is divided by 196.
3
Suppose 6*m = 2*d - 202, 3*d = 4*d + m - 105. What is the remainder when d is divided by 71?
33
Let a(x) = x**2 + 6*x + 2. Let v be 16/12*(-24)/2. Let f be (v/(-20))/((-4)/(-30)). Calculate the remainder when a(f) is divided by 19.
17
What is the remainder when -2*((-217)/(-62))/((-1)/34) is divided by 49?
42
Let h = -25 - -27. Suppose h*r + d - 2 - 13 = 0, 0 = 3*r + d - 22. What is the remainder when 39 is divided by r?
4
Let v = 272 + -113. Calculate the remainder when v is divided by 7.
5
Let u be 1/(-5) + (-3957)/15. Let d be (3/2)/(2/u). Calculate the remainder when d/(-7) - 20/70 is divided by 10.
8
Let s = -14 + 15. Calculate the remainder when 76/3 - s - (-2)/(-6) is divided by 5.
4
Let r(t) = -t**2 - 14*t + 21. Let d be r(-15). Suppose 0 = -5*o + 3*o + d. What is the remainder when 17 is divided by o?
2
Suppose 10*b - 6*b = 4*w - 24, -3*w - 5*b + 42 = 0. What is the remainder when 61 is divided by w?
7
Let k(h) = 2*h**3 - 6*h**2 + h + 3. Suppose -140 = -58*s + 48*s. Calculate the remainder when k(4) is divided by s.
11
Suppose 1280 + 1591 = -11*o. Let p = -170 - o. Let z(m) = 4*m**2 + 5*m + 2. What is the remainder when p is divided by z(-3)?
22
What is the remainder when 164 is divided by (24/(-36))/((-3)/((-1647)/(-6)))?
42
Let u(g) = -g - 3. Suppose -3*k + 2 = -13. Suppose k*w = 3*q + 2*w, -2*w - 10 = 0. Calculate the remainder when 6 is divided by u(q).
0
Let n(k) = -50*k + 4. Let j be n(1). Let s = 25 - j. What is the remainder when s is divided by 15?
11
Suppose 2*g + 2*p - 238 = 814, 5*g - 2580 = 5*p. Calculate the remainder when g is divided by 29.
28
Suppose 5*s - 15 = 25. Suppose s = 2*m - 2. Calculate the remainder when 37 is divided by m.
2
Let a(h) = h**2 + 9*h - 5. Let t be a(-10). Suppose 0 = -t*n, n - 8 = -2*z + 3*n. Let q = 23 - 12. What is the remainder when q is divided by z?
3
Suppose 5*y = -3*y. Calculate the remainder when (y - (-3)/6)*42 is divided by 6.
3
Suppose 3*l = l. Calculate the remainder when 117 is divided by l + (-5 - -3) - -42.
37
Suppose 31*b + 20 = 36*b. Suppose 0 = 3*y - 0*y - 4*a - 54, -34 = -y - b*a. Calculate the remainder when y is divided by 12.
10
Let j = 199 + -198. What is the remainder when (-18)/12 - (-14)/4 is divided by j?
0
Suppose 3*p = -4*y + 1015, -2*y + 4*p + 195 + 329 = 0. What is the remainder when y is divided by 23?
3
Suppose -5*d + 49 = 3*n, -n - 2*d + 31 = -4*d. Suppose -20*m + n*m = 42. Calculate the remainder when 41 is divided by m.
13
Let i(j) = 5*j**3 + 35*j**2 + 27*j + 6. What is the remainder when 76 is divided by i(-6)?
4
What is the remainder when 146 is divided by 759/21 + (-80)/70?
6
Suppose -19 + 141 = 5*i - 2*j, 0 = 2*i + 4*j - 44. Calculate the remainder when 47 is divided by i.
23
Let c(z) = 77*z**2 + 1. Suppose 5*r = 3*u - 100, -r - 2*u = r + 40. What is the remainder when c(-1) is divided by r/3*(-1 - 2)?
18
Suppose -3*g - 3*d + 222 = 0, 4*g + 2*d - 293 = d. What is the remainder when g is divided by 20?
13
Let b = 1555 + -1540. Calculate the remainder when 173 is divided by b.
8
What is the remainder when 1098 + 20/((-140)/(-63)) is divided by 15?
12
What is the remainder when (2/(-3))/((-1)/72) is divided by 132/14 + 256/448?
8
Suppose 34*n - 168 = 6*n. What is the remainder when 18 is divided by n?
0
Let b be 27/(-6)*2/(-3). Suppose b*x + 6 = x, -4*x + 33 = 3*z. Suppose -z = -9*o + 4*o, -5*q - 3*o = -29. Calculate the remainder when 6 is divided by q.
2
Let c = -14 + 5. Calculate the remainder when c/12*-10*2 is divided by 1.
0
Calculate the remainder when 374 is divided by (3/(-6))/((-2)/(-104)*-2).
10
Let j = 234 - 229. Let o(a) = 18*a**3 - 2*a**2 + 2*a - 1. Calculate the remainder when o(1) is divided by j.
2
Suppose -1 = 4*n + 2*c - 9, n + 3*c = -3. Suppose -t + 4*f = -95, 0*t - 245 = -n*t + 4*f. What is the remainder when t is divided by 19?
18
Suppose -2*w - 130 = -3*m - m, m = -w + 40. Suppose 2*l = 3*l. Suppose -3*d = -5*s + d + 90, l = 5*s + 3*d - 90. Calculate the remainder when m is divided by s.
17
Suppose -4*s - 62 = -114. Calculate the remainder when 51 is divided by s.
12
Let y = -1 + 4. Suppose -218 = 2*x - 226. Calculate the remainder when x is divided by y.
1
What is the remainder when (-1 - -21) + 0/(-13) is divided by -15*(-4)/12 + 5 + -2?
4
Let q = 16 + -10. What is the remainder when (40/7)/((-46)/(-161)) is divided by q?
2
Let a(z) = -z**3 + 19*z**2 - 31*z - 21. What is the remainder when 31 is divided by a(17)?
1
Let b = -525 - -549. What is the remainder when 56 is divided by b?
8
Let n = 1198 + -1149. Calculate the remainder when 144 is divided by n.
46
Let g(i) = i - 1. Let k be g(8). Let t(p) = p**3 + k*p**2 + p + 0*p**2 + 2*p - 2. What is the remainder when 30 is divided by t(-6)?
14
Let f = -240 + 252. What is the remainder when 81 is divided by f?
9
Suppose 0 = 3*h - 6*f + 3*f - 21, -h + 3*f = 1. Let v be (-4)/18 - (-56)/9. Suppose v - 110 = -2*c. Calculate the remainder when c is divided by h.
8
Suppose 35*b - 33*b - 16 = 0. Let m be 1 - (0 + 1 + 0). Suppose m = 3*i - t - 68, -5*t - 73 = -2*i - 6. Calculate the remainder when i is divided by b.
5
Suppose 0*a = -4*x + 2*a + 32, 3 = -x - 5*a. Suppose -18*h + 355 = 13. Calculate the remainder when h is divided by x.
5
Suppose 5*x - 4*v = 481 - 142, 3*x - 3*v = 201. Suppose -2*y + 54 = y. Calculate the remainder when x is divided by y.
17
Calculate the remainder when 349 is divided by (6 - (7 + -2)) + 21.
19
Let j(l) = -l. Let m be j(-3). Let a(v) = -v**2 + 3*v + 2. Calculate the remainder when a(m) is divided by -7 + (-9)/(-1 + 0).
0
Let t = 18 + -7. What is the remainder when 54/(-243) - (-2)/(-9) - (-3276)/81 is divided by t?
7
Let l(g) = -76*g - 550. Calculate the remainder when l(-9) is divided by 50.
34
What is the remainder when 150 is divided by (-27)/6*26/(-3)?
33
Let o = -89 + 126. Let v(w) = -w**3 - 5*w**2 - 4*w + 6. Let h be v(-6). Let k = h - o. Calculate the remainder when k is divided by 10.
9
Suppose -3*t + 20 = z, 4*z - 3*t - 40 = -7*t. Suppose -8*r + 9*r = -3*v + 37, 0 = z*r + 4*v - 174. Calculate the remainder when r is divided by 4.
2
Suppose s - 1 = -o + 9, -4*o + 22 = s. Let t be 2 - ((-2)/(-2) + 1). Suppose -2*p + t*p + 22 = 0. What is the remainder when p is divided by s?
5
Let f(m) = -81*m - 4. Let z = -3 + 19.